e?
True
Is 1844245099 prime?
True
Is 2554917193 composite?
False
Is 4432170751 a prime number?
True
Is 26013707 a prime number?
True
Is 49482887 a prime number?
False
Is 32700207923 composite?
True
Is 4674423797 a prime number?
False
Is 216986802337 a composite number?
True
Is 4915395071 a prime number?
True
Is 1501627489 prime?
False
Is 55334985133 prime?
True
Is 147587241947 composite?
True
Is 97268663 a composite number?
False
Is 1581601027 a prime number?
False
Is 3102703165 a composite number?
True
Is 234133223393 composite?
False
Is 250249793 composite?
False
Is 22163108893 composite?
False
Is 7610963111 prime?
True
Is 19837035627 prime?
False
Is 102309277 a composite number?
True
Is 1240158089 composite?
True
Is 2267882513 a prime number?
False
Is 17410463803 a composite number?
False
Is 34610383961 prime?
True
Is 12933355207 prime?
False
Is 487469447 a prime number?
False
Is 2019862213 a composite number?
False
Is 171912983 composite?
True
Is 476870323 prime?
False
Is 34723546883 prime?
True
Is 33113125403 prime?
False
Is 6029828309 prime?
False
Is 13460607139 a composite number?
True
Is 79782583 prime?
False
Is 3556397021 a prime number?
True
Is 2176036717 prime?
True
Is 14537099723 prime?
True
Is 219239261 prime?
True
Is 631847507 a prime number?
False
Is 9539498411 a prime number?
False
Is 7211861603 composite?
False
Is 398659213 composite?
True
Is 29755266511 a prime number?
True
Is 167656889 a composite number?
False
Is 3877662317 a composite number?
False
Is 747258227 a composite number?
True
Is 5831157841 composite?
False
Is 9087198889 a prime number?
True
Is 113527099 prime?
False
Is 272499907 a composite number?
True
Is 5441156417 composite?
True
Is 2061096601 prime?
False
Is 201782776015 composite?
True
Is 75852650553 composite?
True
Is 482446267 prime?
True
Is 78360631495 composite?
True
Is 549459791 composite?
False
Is 3262676653 composite?
False
Is 37968239129 composite?
True
Is 4680705163 a composite number?
False
Is 101431858805 a composite number?
True
Is 14706493697 composite?
True
Is 956528887 a composite number?
False
Is 3953995129 prime?
False
Is 5171425081 composite?
True
Is 612584989 a composite number?
False
Is 967065959 a composite number?
True
Is 48939399559 composite?
False
Is 489098081 a prime number?
True
Is 2836551007 a prime number?
False
Is 293454433 a prime number?
True
Is 284421152551 prime?
True
Is 2562177509 composite?
False
Is 63049926067 a prime number?
True
Is 5520551759 prime?
False
Is 338484862201 composite?
False
Is 38557276423 composite?
False
Is 3768103373 a composite number?
True
Is 54681691 prime?
True
Is 1522191007 a prime number?
False
Is 3302513293 composite?
False
Is 2170282451 composite?
False
Is 7152628123 a prime number?
True
Is 242076113 prime?
False
Is 44405423221 a composite number?
False
Is 238629329 composite?
False
Is 125556266173 a composite number?
True
Is 29918608333 a prime number?
False
Is 31356820393 composite?
False
Is 48542020661 composite?
False
Is 1560094049 composite?
True
Is 39129588203 a prime number?
True
Is 20192378273 a composite number?
False
Is 103162322093 composite?
True
Is 2203077343 a prime number?
True
Is 86772736469 prime?
True
Is 945083149 composite?
False
Is 171124493 composite?
True
Is 656698223 composite?
False
Is 21173773657 prime?
False
Is 3311989033 a prime number?
True
Is 1733899613 a prime number?
True
Is 19379601847 a prime number?
False
Is 7506570449 prime?
False
Is 4426236149 prime?
False
Is 18891862637 a prime number?
True
Is 417571563 composite?
True
Is 87675433357 prime?
False
Is 8777170145 a prime number?
False
Is 1096157381 composite?
True
Is 26063871881 composite?
False
Is 9166461587 prime?
True
Is 823555553 prime?
False
Is 13830583441 prime?
False
Is 80398067 a composite number?
True
Is 2409006989 a composite number?
True
Is 5304694541 a prime number?
True
Is 10938110653 composite?
True
Is 661973873 a composite number?
True
Is 36711877337 a composite number?
True
Is 23684027 a prime number?
False
Is 87409578517 a prime number?
False
Is 16970845891 composite?
False
Is 2844815143 a composite number?
True
Is 71916486703 composite?
False
Is 615939221 prime?
False
Is 10177634347 a composite number?
True
Is 111011878123 composite?
False
Is 4785794297 a prime number?
True
Is 161330243 composite?
True
Is 1244108017 a composite number?
True
Is 55138414321 prime?
True
Is 200460316171 prime?
False
Is 12690701323 composite?
False
Is 30731947 a prime number?
True
Is 338785211 a prime number?
False
Is 30712948891 composite?
False
Is 2203142399 composite?
False
Is 26981200723 prime?
True
Is 3761117 a prime number?
True
Is 3505390051 prime?
False
Is 1632680411 composite?
False
Is 358717127 composite?
False
Is 9338455499 prime?
True
Is 851868959 prime?
True
Is 3113255351 composite?
True
Is 445171723 a prime number?
True
Is 45920703181 composite?
False
Is 7517988827 a prime number?
True
Is 3673604569 a composite number?
True
Is 1412568753 prime?
False
Is 9550618289 a composite number?
True
Is 6608240021 a composite number?
False
Is 45695384729 prime?
True
Is 2727308989 a prime number?
True
Is 1087359313 a prime number?
False
Is 115292229401 prime?
True
Is 3420016703 composite?
False
Is 4811482513 a prime number?
True
Is 33370951 a prime number?
True
Is 22414012253 composite?
True
Is 415594757 a prime number?
True
Is 45273409313 prime?
False
Is 2559517231 composite?
True
Is 2806477853 prime?
False
Is 91640232331 a composite number?
False
Is 89747927 prime?
True
Is 21444693323 a composite number?
False
Is 3499996463 prime?
False
Is 1414860559 composite?
True
Is 2098597871 a composite number?
True
Is 13574963747 a composite number?
False
Is 151079687761 a prime number?
True
Is 18875416711 a prime number?
True
Is 165910466669 a composite number?
False
Is 742156069 prime?
False
Is 18570083899 prime?
False
Is 13394507237 a composite number?
False
Is 825135721 a prime number?
True
Is 144016144507 composite?
True
Is 6468256321 a prime number?
True
Is 74224429 a prime number?
False
Is 296670427733 composite?
False
Is 291160822 composite?
True
Is 121933577 a prime number?
False
Is 267658855 a composite number?
True
Is 474411953 a prime number?
True
Is 1012558621 a composite number?
True
Is 53827801399 a composite number?
False
Is 91013242897 prime?
False
Is 5338565153 a composite number?
False
Is 81748022549 a prime number?
True
Is 62928631 a composite number?
False
Is 2571486649 composite?
False
Is 1548266963 composite?
True
Is 9631371331 a prime number?
True
Is 462107309 a prime number?
True
Is 721178251 a prime number?
True
Is 45172191349 a composite number?
False
Is 6871979 a prime number?
True
Is 44741245463 a composite number?
False
Is 8194247893 prime?
False
Is 106207579565 composite?
True
Is 1390149353 composite?
False
Is 38495302799 a prime number?
False
Is 45514920497 a composite number?
False
Is 1187666423 composite?
False
Is 46156258235 a composite number?
True
Is 1511990057 composite?
False
Is 2529303783 a composite number?
True
Is 31173484855 a prime number?
False
Is 8635245683 composite?
False
Is 370773157 composite?
False
Is 83986738727 composite?
True
Is 57510944763 a prime number?
False
Is 12582694829 prime?
False
Is 2715995423 prime?
True
Is 14313426326 a prime number?
False
Is 312699379 composite?
False
Is 179077403 prime?
True
Is 60079333799 a prime number?
False
Is 15230622629 a prime number?
True
Is 813227269 a composite number?
False
Is 2400975997 composite?
True
Is 15969942379 a composite number?
False
Is 31703625181 a composite number?
True
Is 391879489 a composite number?
True
Is 642749179 a prime number?
False
Is 51332561689 composite?
False
Is 30527372443 a prime number?
True
Is 307443931 a prime number?
False
Is 37561389671 composite?
True
Is 4416158267 composite?
True
Is 19741297357 a composite number?
True
Is 101617913165 composite?
True
Is 5333992487 prime?
True
Is 151657369 composite?
True
Is 1283416391 composite?
False
Is 72731707 composite?
False
Is 1141908011 prime?
True
Is 1360296233 a prime number?
False
Is 142406066161 a composite number?
True
Is 1806365059 composite?
False
Is 4060038221 composite?
True
Is 866961863 a composite number?
True
Is 1997383529 composite?
True
Is 213342828383 a prime number?
True
Is 2595225853